 base 11, what is 5 + 40a497?
40a4a1
In base 5, what is -20003230 - 11?
-20003241
In base 15, what is 916 - 1?
915
In base 9, what is -242656 + 8?
-242647
In base 16, what is 28264 - -2?
28266
In base 2, what is -1111 - -101001010011?
101001000100
In base 5, what is -113 + -12010?
-12123
In base 7, what is 124 - -1306?
1433
In base 13, what is 3071a - 4?
30716
In base 13, what is 251 - 2c8?
-77
In base 2, what is -1011001110001101110 - -101?
-1011001110001101001
In base 7, what is 2 - -2106?
2111
In base 2, what is -1011000010 - -10011?
-1010101111
In base 5, what is 20003014 + 10?
20003024
In base 16, what is 25 - 513?
-4ee
In base 12, what is -12251 + 1a?
-12233
In base 3, what is 2101111010 + 220?
2101112000
In base 14, what is 4 - -7503?
7507
In base 14, what is 19 - -1153a?
11555
In base 12, what is -4aba7 + 1?
-4aba6
In base 11, what is -1a + 11?
-9
In base 13, what is -179c2a - 1?
-179c2b
In base 14, what is -3 + -293?
-296
In base 13, what is -3 + 3200?
31ca
In base 8, what is 4 - -1143555?
1143561
In base 2, what is 11011001100 + -1110?
11010111110
In base 5, what is 133 + 42?
230
In base 9, what is -785723 - -5?
-785717
In base 15, what is 1c4 - -605?
7c9
In base 4, what is -10211321 + 1322?
-10203333
In base 5, what is -2411201 - 0?
-2411201
In base 8, what is 71106 - -3?
71111
In base 12, what is 424 + b?
433
In base 4, what is 1111 - 1303?
-132
In base 3, what is 1121 - -21020112?
21022010
In base 11, what is 97 - -139?
225
In base 2, what is 1111100001010000 - -11?
1111100001010011
In base 2, what is -11110 - -110110000110?
110101101000
In base 9, what is -18726 + -5?
-18732
In base 12, what is 28893 + -5?
2888a
In base 2, what is -1001011011011001 - -1?
-1001011011011000
In base 16, what is -2 - 168c?
-168e
In base 3, what is -222 + -11101001?
-11102000
In base 3, what is -11 + -202011210121?
-202011210202
In base 10, what is 6229 + -37?
6192
In base 8, what is 16325 - 244?
16061
In base 3, what is 0 - -1121120121?
1121120121
In base 16, what is a + -1f73?
-1f69
In base 10, what is -9550 - -5?
-9545
In base 8, what is -10236242 + 0?
-10236242
In base 10, what is 340008 - 5?
340003
In base 8, what is -315 + 3073?
2556
In base 3, what is -22 + -2101010002?
-2101010101
In base 11, what is -1a + -3397?
-3406
In base 9, what is -60 + -18777?
-18847
In base 10, what is 182468 - 5?
182463
In base 3, what is 222010222 - -100?
222011022
In base 9, what is -27842 - -161?
-27671
In base 11, what is -3096 + -a?
-30a5
In base 6, what is -103255 - 105?
-103404
In base 3, what is -1000 - -12212120?
12211120
In base 4, what is 102101312 + 10?
102101322
In base 4, what is 1232033 - -203?
1232302
In base 6, what is -1 + 105233?
105232
In base 4, what is -1320123 - -22?
-1320101
In base 3, what is 20 - -20201?
20221
In base 5, what is 3224111 + -3?
3224103
In base 12, what is -6545 + 0?
-6545
In base 7, what is -3 + 56554?
56551
In base 3, what is -102102 - -21202222?
21100120
In base 10, what is 4 - -7150?
7154
In base 2, what is -111010 + -100001000100?
-100001111110
In base 15, what is -2 - 2dbd?
-2dc0
In base 11, what is a0 - -13a9?
1499
In base 16, what is 7e95 + 1?
7e96
In base 15, what is 11c + 140?
25c
In base 16, what is -3 - -18a722?
18a71f
In base 10, what is 10 + 175871?
175881
In base 15, what is 12d41 + -3?
12d3d
In base 8, what is 112 - -777?
1111
In base 11, what is 74a53a + -4?
74a536
In base 12, what is 84b8 - -48?
8544
In base 2, what is 100000101001110010000 - -11?
100000101001110010011
In base 6, what is -25535 + 112?
-25423
In base 11, what is 57 + -1937?
-1890
In base 6, what is -4 - -201001?
200553
In base 4, what is -10 + -11013230?
-11013300
In base 5, what is -4 + 341342?
341333
In base 9, what is 30 + 1070?
1110
In base 10, what is -2 + 2300?
2298
In base 4, what is -13 + 2010020?
2010001
In base 12, what is 100b211 + 4?
100b215
In base 7, what is -22521 - -33?
-22455
In base 12, what is -170 - 810a?
-827a
In base 16, what is -144f - -11?
-143e
In base 3, what is 12 - -102021002?
102021021
In base 6, what is 3 - 152414?
-152411
In base 8, what is 3 + 1672570?
1672573
In base 13, what is bc + -131?
-42
In base 4, what is -11120002 - -10?
-11113332
In base 15, what is -14d607 - 4?
-14d60b
In base 4, what is -12 - -212233232?
212233220
In base 2, what is 10100110 - 10110011?
-1101
In base 8, what is -5 + 101362?
101355
In base 15, what is 3e + -3523?
-34d4
In base 13, what is -5 + -21270?
-21275
In base 9, what is -132 + -4886?
-5128
In base 4, what is 301 - -310122?
311023
In base 16, what is -71f0 + -4?
-71f4
In base 14, what is a8 + -1dc?
-134
In base 4, what is -1101 + 12112?
11011
In base 2, what is 1001 + 101011000110101111?
101011000110111000
In base 14, what is 24c7 - 2?
24c5
In base 3, what is -211 + -121220?
-122201
In base 14, what is 0 - -30a6?
30a6
In base 10, what is -213420 + 3?
-213417
In base 15, what is 2dbb + 1?
2dbc
In base 16, what is 1 + -b593?
-b592
In base 6, what is -140401 - -3?
-140354
In base 4, what is -10012113 - -3?
-10012110
In base 8, what is 120 + 510?
630
In base 5, what is -3212 + 4202?
440
In base 6, what is 12 + -1332342?
-1332330
In base 3, what is -1200202122 - -12?
-1200202110
In base 16, what is -190 - -33?
-15d
In base 10, what is 83 + 43333?
43416
In base 7, what is -1 - 12526?
-12530
In base 10, what is -7 - 28508?
-28515
In base 8, what is 4047 + -12?
4035
In base 14, what is 2 - -8284?
8286
In base 4, what is -10231 - 23330?
-100221
In base 12, what is 7bb33 + 1?
7bb34
In base 7, what is 65 + -13515?
-13420
In base 14, what is -caa0 - -12?
-ca8c
In base 2, what is 11 - -10001010101010111101?
10001010101011000000
In base 8, what is -44 - 1400?
-1444
In base 11, what is -1523 - -62?
-1471
In base 13, what is -1588b0 - 2?
-1588b2
In base 5, what is 1 + 123234121?
123234122
In base 6, what is 32 + -14324?
-14252
In base 5, what is 323312 + 22?
323334
In base 14, what is 6db5 - -4?
6db9
In base 3, what is 2 + -122102011?
-122102002
In base 6, what is -55521 + -125?
-100050
In base 11, what is 36 + 60687?
60712
In base 4, what is 2132211 - 10?
2132201
In base 10, what is 123 - 308?
-185
In base 8, what is 12 + -24222?
-24210
In base 11, what is -a - -534?
525
In base 15, what is -5 - 27cd?
-27d3
In base 14, what is -1c80 - -21d?
-1a61
In base 9, what is -2403 + -14?
-2417
In base 15, what is 47a - 1?
479
In base 13, what is 6390 - 3?
638a
In base 11, what is 3 + -3314?
-3311
In base 11, what is -2 + 362a8?
362a6
In base 5, what is 1412 - 21311?
-14344
In base 4, what is 0 - 3123111320?
-3123111320
In base 3, what is 10 - 111121110?
-111121100
In base 11, what is -97273 - 4?
-97277
In base 15, what is 555 + -300?
255
In base 6, what is 15 + -131431?
-131412
In base 12, what is -2 + 9a57?
9a55
In base 14, what is b2691c + -4?
b26918
In base 13, what is 8 + 2253?
225b
In base 4, what is 2000030 + 10?
2000100
In base 15, what is 11e - 56?
b8
In base 11, what is -2 - 6850?
-6852
In base 4, what is -10023331221 - -11?
-10023331210
In base 10, what is 5 + -2688?
-2683
In base 12, what is -1 - -2143?
2142
In base 9, what is -624 - 116?
-741
In base 10, what is 965 + 41?
1006
In base 12, what is -3 - 5a155a?
-5a1561
In base 8, what is -2 + 1757205?
1757203
In base 2, what is 11001 - -1110100001011?
1110100100100
In base 6, what is 310 - -131342?
132052
In base 7, what is 14356 - 120?
14236
In base 5, what is -40140 - -3?
-40132
In base 9, what is 61 - -1830?
2001
In base 15, what is -2 + -197804?
-197806
In base 10, what is -54 - 36856?
-36910
In base 5, what is 331302 + -434?
330313
In base 13, what is 9 - 157b0?
-157a4
In base 6, what is -13 + -3153034?
-3153051
In base 15, what is -d50 + 624?
-72b
In base 7, what is 15 + -1605?
-1560
In base 8, what is -10 + 727167?
727157
In base 16, what is 510d + 5?
5112
In base 14, what is -8d + 6bb?
62c
In base 3, what is 212220 + -11120?
201100
In base 12, what is -6ba + -12?
-710
In base 12, what is 1 + 2b818?
2b819
In base 4, what is -10002200 - -313?
-10001221
In base 16, what is 2b7 - 20b?
ac
In base 12, what is -29b3 + 12a?
-2885
In base 9, what is -51 - -557?
506
In base 12, what is 15 - 177?
-162
In base 16, what is 153 - 378?
-225
In base 9, what is 5 - -450524?
450530
In base 16, what is 11c + -78?
a4
In base 3, what is -100 - -1000000